{"id":35,"date":"2019-07-31T22:43:07","date_gmt":"2019-07-31T20:43:07","guid":{"rendered":"https:\/\/skiklub-nb.de\/?page_id=35"},"modified":"2019-11-21T23:01:32","modified_gmt":"2019-11-21T22:01:32","slug":"verein","status":"publish","type":"page","link":"https:\/\/skiklub-nb.de\/","title":{"rendered":"Verein&#8230;"},"content":{"rendered":"<div>&nbsp;<\/div>\n<div><span style=\"font-family: Georgia, Arial, Helvetica, Sans Serif; font-size: 125%;\">Willkommen auf den Seiten des Neubrandenburger Skiklub e.V.!<\/span><\/div>\n<div>&nbsp;<\/div>\n<div><span style=\"font-family: Georgia, Arial, Helvetica, Sans Serif; font-size: 125%;\">Hier gibt es Informationen zu Aktivit\u00e4ten des Vereins, zu Trainingsfahrten, Reisen, zur Geschichte, zur Mitgliedschaft und vielem mehr.<\/span><\/div>\n<div>&nbsp;<\/div>\n<div><span style=\"font-family: Georgia, Arial, Helvetica, Sans Serif; font-size: 125%;\">Der Skiverein bietet im Rahmen des Vereins Skikurse mit geschulten eigenen Skilehrern an. Diese bilden sich regelm\u00e4\u00dfig weiter, um Sportler vom Anf\u00e4nger bis zum Fortgeschrittenen in allen Altersstufen betreuen zu k\u00f6nnen.<\/span><\/div>\n<div>&nbsp;<\/div>\n<div><span style=\"font-family: Georgia, Arial, Helvetica, Sans Serif; font-size: 125%;\">Viel Spa\u00df beim St\u00f6bern auf unseren Seiten.<\/span><\/div>\n<div>&nbsp;<\/div>\n<p><!--\n\n\n<div><a href=\"https:\/\/skiklub-nb.de\/wp-content\/uploads\/2019\/07\/verein1.jpg\" rel=\"lightbox[35]\"><img decoding=\"async\" class=\"aligncenter\" src=\"https:\/\/skiklub-nb.de\/wp-content\/uploads\/2019\/07\/verein1.jpg\" alt=\"\" width=\"100%\" height=\"100%\"><\/a><\/div>\n\n\n--><\/p>\n<div><img src='https:\/\/skiklub-nb.de\/wp-content\/uploads\/2019\/07\/verein1klein.jpg' data-magnify-src='https:\/\/skiklub-nb.de\/wp-content\/uploads\/2019\/07\/verein1.jpg' alt='' class='zooom aligncenter'\/><script>jQuery(document).ready(function($) { $('.zooom').magnify(); });<\/script><\/div>\n<p><span style=\"color: #ffffff;\">Skiklub, Ski-Klub, Skiclub, Ski-\u0421lub, Skiverein, Ski-Verein, Neubrandenburg, Skiurlaub, Wintersport<\/span><\/p>\n","protected":false},"excerpt":{"rendered":"<p>&nbsp; Willkommen auf den Seiten des Neubrandenburger Skiklub e.V.! &nbsp; Hier gibt es Informationen zu Aktivit\u00e4ten des Vereins, zu Trainingsfahrten, Reisen, zur Geschichte, zur Mitgliedschaft und vielem mehr. &nbsp; Der Skiverein bietet im Rahmen des Vereins Skikurse mit geschulten eigenen Skilehrern an. Diese bilden sich regelm\u00e4\u00dfig weiter, um Sportler vom Anf\u00e4nger bis zum Fortgeschrittenen in [&hellip;]<\/p>\n","protected":false},"author":2,"featured_media":0,"parent":0,"menu_order":0,"comment_status":"closed","ping_status":"closed","template":"","meta":{"ngg_post_thumbnail":0,"footnotes":""},"class_list":["post-35","page","type-page","status-publish","hentry"],"_links":{"self":[{"href":"https:\/\/skiklub-nb.de\/index.php?rest_route=\/wp\/v2\/pages\/35","targetHints":{"allow":["GET"]}}],"collection":[{"href":"https:\/\/skiklub-nb.de\/index.php?rest_route=\/wp\/v2\/pages"}],"about":[{"href":"https:\/\/skiklub-nb.de\/index.php?rest_route=\/wp\/v2\/types\/page"}],"author":[{"embeddable":true,"href":"https:\/\/skiklub-nb.de\/index.php?rest_route=\/wp\/v2\/users\/2"}],"replies":[{"embeddable":true,"href":"https:\/\/skiklub-nb.de\/index.php?rest_route=%2Fwp%2Fv2%2Fcomments&post=35"}],"version-history":[{"count":0,"href":"https:\/\/skiklub-nb.de\/index.php?rest_route=\/wp\/v2\/pages\/35\/revisions"}],"wp:attachment":[{"href":"https:\/\/skiklub-nb.de\/index.php?rest_route=%2Fwp%2Fv2%2Fmedia&parent=35"}],"curies":[{"name":"wp","href":"https:\/\/api.w.org\/{rel}","templated":true}]}}